40*v - 39060. Give n(-16).
-20
Let c(o) = -3*o**2 - 23286*o + 1715864. Give c(73).
-1
Let k(f) = 312*f**2 - 1322*f + 51. What is k(4)?
-245
Let k(m) = 126*m**2 + 6543*m - 470. Calculate k(-52).
-2
Let k(i) = -1403*i - 23986. Calculate k(-17).
-135
Let l(q) = -15*q**2 - 295*q + 14710. Determine l(23).
-10
Let w(t) = -263767*t + 12397080. What is w(47)?
31
Let c(x) = 19*x**3 - 419*x**2 + 23*x - 15. What is c(22)?
7
Let c(n) = -n**3 - 98*n**2 - 2361*n + 28. What is c(-43)?
-144
Let x(y) = -2*y**3 + 50*y**2 - 8793*y + 209817. Calculate x(24).
-63
Let y(u) = -5*u**3 - 33*u**2 + 423*u + 2657. What is y(-6)?
11
Let m(q) = 266*q + 2593. Determine m(-11).
-333
Let r(p) = -3*p**3 - 3*p**2 - 16300*p + 16301. Calculate r(1).
-5
Let k(i) = 161*i**2 + 292*i - 27. Give k(-2).
33
Let y(g) = 2*g**2 - 710*g - 2827. Give y(-4).
45
Let l(p) = 35*p**2 - 292*p + 31. Calculate l(10).
611
Let x(c) = 521*c - 90036. Determine x(173).
97
Let b(p) = -40*p**2 - 101*p + 529. Give b(6).
-1517
Let h(z) = -116*z**2 + 810*z + 813. Give h(-1).
-113
Let d(a) = -a**2 - 171*a - 7022. What is d(-101)?
48
Let t(l) = 2*l**3 - 4*l**2 - 665*l + 1355. Give t(2).
25
Let s(w) = -2*w**3 + 171*w**2 - 193*w - 4749. Calculate s(84).
207
Let m(b) = -51*b**2 + 176*b - 11. What is m(4)?
-123
Let f(h) = 8*h**2 + 148*h - 406. What is f(-19)?
-330
Let q(s) = 3812*s - 49715. Give q(13).
-159
Let t(c) = 23169*c**2 - 486550*c + 11. Give t(21).
-10
Let b(a) = -a**3 - 14*a**2 - 52*a - 341. Give b(-11).
-132
Let h(t) = -365*t**2 + 1826*t - 52. Give h(5).
-47
Let l(s) = -296283*s + 296251. Determine l(1).
-32
Let y(z) = -5*z**2 - 149*z - 154. Determine y(-29).
-38
Let r(a) = 9506*a**2 - 484804*a - 74. Calculate r(51).
28
Let t(q) = 2*q**3 - 32*q**2 - 1257*q - 3734. What is t(-16)?
-6
Let z(a) = a**2 + 1465*a - 69783. Determine z(46).
-277
Let a(k) = -6367*k + 643057. What is a(101)?
-10
Let h(v) = 1041*v**2 - 103128*v + 6834. Calculate h(99).
3
Let p(l) = -4*l**2 + 134*l + 20. What is p(14)?
1112
Let s(f) = 44*f**2 + 4*f - 19. What is s(-3)?
365
Let y(p) = -p**2 + 167*p - 7886. Determine y(53).
-1844
Let k(n) = n**3 + 21*n**2 - 108*n - 2804. Determine k(-17).
188
Let q(w) = 402*w**3 + 410*w**2 + 4*w + 3. What is q(-1)?
7
Let u(n) = 25*n**2 - 6747*n + 95575. Calculate u(15).
-5
Let k(j) = 6*j**3 - 15*j**2 + 2491*j + 2505. Determine k(-1).
-7
Let z(b) = -5*b**2 + 98*b + 1177. Give z(28).
1
Let d(f) = f**3 - 31*f**2 + 862*f - 28911. Calculate d(32).
-303
Let s(n) = -74*n**2 - 374*n - 9. What is s(-5)?
11
Let y(v) = 2*v**3 - 41*v**2 + 85*v - 744. Calculate y(16).
-1688
Let z(k) = -10*k**2 - 32*k - 73. What is z(-7)?
-339
Let u(x) = -123*x**2 - 1226*x. Determine u(-9).
1071
Let x(i) = 3711*i + 37172. Give x(-10).
62
Let t(z) = -8304*z + 224162. Determine t(27).
-46
Let l(z) = -z**3 - 11*z**2 - 6*z + 110. Give l(-6).
-34
Let v(l) = -8*l**2 - 3745*l + 61457. Give v(-484).
-11
Let x(l) = -l**3 - 864*l**2 - 3489*l - 42150. Determine x(-860).
-10
Let t(p) = -8*p**3 - 4*p**2 - 1957*p + 3926. Give t(2).
-68
Let c(t) = -2*t**2 + 2961808*t - 5923612. Give c(2).
-4
Let b(p) = -404*p**2 + 12518*p + 12517. Determine b(-1).
-405
Let d(o) = 30*o**2 - 2534*o + 10123. Give d(4).
467
Let l(h) = -4*h**3 - 19*h**2 + 35*h + 65. What is l(5)?
-735
Let j(x) = -2*x**3 + 379*x**2 + 764*x + 37645. What is j(192)?
13
Let f(v) = -v**3 + 11*v**2 - 3837*v + 34387. Determine f(9).
16
Let w(t) = 557*t + 73861. Determine w(-131).
894
Let o(j) = 56*j + 1745. Give o(-23).
457
Let i(z) = -13*z**2 + z - 71. Give i(5).
-391
Let u(a) = -5*a**3 - 13*a**2 + 39*a + 26. Give u(4).
-346
Let u(n) = -2*n**3 + 117*n**2 + 1293*n + 12. What is u(68)?
80
Let f(a) = -a**3 + 293*a**2 + 638*a - 13159. Calculate f(295).
1001
Let g(t) = t**3 - 19*t**2 + 86*t - 116. What is g(8)?
-132
Let c(s) = -s**3 + 182*s**2 - 518*s - 4046. Calculate c(179).
-645
Let d(n) = -264*n - 29304. Give d(-107).
-1056
Let h(l) = 5*l**2 + 28*l - 323. Determine h(-11).
-26
Let m(q) = -q**3 + 7*q**2 + 11760*q - 11. Calculate m(112).
-11
Let s(i) = -137*i**3 - 41*i**2 + 47*i - 27. Determine s(2).
-1193
Let z(s) = 267*s - 24011. What is z(89)?
-248
Let a(z) = -675*z + 24938. Determine a(40).
-2062
Let j(o) = 4*o**3 + 18*o**2 + 768*o + 3075. Give j(-4).
35
Let i(s) = 3*s**3 - 115*s**2 - 65*s - 751. Determine i(39).
-244
Let a(v) = 326586*v + 1959477. Determine a(-6).
-39
Let l(o) = -2*o**2 + 211*o + 4030. What is l(116)?
1594
Let m(f) = -25*f**2 - 5954*f + 5177. Determine m(-239).
158
Let g(f) = 51*f**2 - 3135*f + 3. Determine g(62).
1677
Let t(j) = 3*j**3 - 86*j**2 - 57*j + 58. Calculate t(29).
-754
Let y(u) = -u**3 - 68*u**2 - 109*u - 787. Determine y(-67).
2027
Let g(v) = 42*v**3 - 3*v**2 - 55*v - 174. Determine g(-3).
-1170
Let v(k) = -993*k + 40749. Determine v(41).
36
Let w(v) = -v**3 + 175*v**2 + 760*v - 7868. Determine w(179).
8
Let c(x) = 47*x + 7295. Determine c(-130).
1185
Let f(b) = -36*b**2 - 121*b - 28. What is f(-5)?
-323
Let y(o) = -992*o**2 - 46*o + 40. Determine y(1).
-998
Let w(l) = 9*l**2 - 10699*l + 148016. Determine w(14).
-6
Let v(g) = 2*g**2 + 10229*g - 102422. Calculate v(10).
68
Let s(g) = 13*g**2 - 145*g + 231. Give s(10).
81
Let p(b) = -5759*b**2 + 184280*b + 250. Give p(32).
-6
Let c(n) = 12*n**3 - 718*n**2 + 253*n - 22399. Give c(60).
-19
Let r(y) = -52*y**2 + 7304*y + 45729. Calculate r(-6).
33
Let s(a) = -7895*a + 16625. Determine s(2).
835
Let m(q) = -q**3 - 196*q**2 + 1645*q + 2643. Calculate m(-204).
-9
Let x(a) = -213*a - 22605. Determine x(-105).
-240
Let y(p) = -6140*p + 31130. Determine y(5).
430
Let n(r) = -811*r**2 - 46229*r - 112. What is n(-57)?
2
Let i(g) = -119909*g - 8. What is i(0)?
-8
Let v(b) = 49446*b + 247276. What is v(-5)?
46
Let h(c) = c**3 - 84*c**2 - 228*c + 4447. Give h(86).
-369
Let j(o) = 4867*o + 155786. What is j(-32)?
42
Let p(d) = -d**3 + 18*d**2 - 28*d + 66. Give p(9).
543
Let t(f) = -5*f**2 - 131*f - 87. Determine t(-24).
177
Let s(p) = 2*p**2 + 49*p - 2376. Determine s(26).
250
Let q(o) = o**3 - 25*o**2 + 139*o + 22. Give q(14).
-188
Let a(c) = 7*c - 1127. Give a(42).
-833
Let s(l) = -24*l**3 + 13*l**2 - 125*l + 111. What is s(1)?
-25
Let g(m) = m**3 + 74*m**2 - 26*m - 792. Determine g(-74).
1132
Let q(k) = 164*k - 147434. Calculate q(899).
2
Let w(k) = -6*k**3 - 731*k**2 + 215*k + 11323. Calculate w(-122).
-23
Let g(u) = -u**2 - 3300*u - 9892. Give g(-3).
-1
Let h(t) = 20*t**2 + 734*t - 44572. What is h(-69)?
2
Let w(x) = -13*x**2 + 65993*x - 65969. Calculate w(1).
11
Let z(t) = t**2 - 271*t + 136. What is z(-24)?
7216
Let p(w) = -107*w - 15978. Calculate p(-122).
-2924
Let t(f) = f**3 - 55*f**2 - 6042*f - 891. Determine t(110).
-11
Let n(z) = 923*z**2 + 2800*z - 3. Give n(-3).
-96
Let p(c) = -c**3 - 12*c**2 - 15*c - 148. Give p(-12).
32
Let x(m) = -m**3 - 240*m**2 + 1011*m + 3096. Give x(-244).
-5444
Let u(p) = -p**3 + 18*p**2 - 5897*p - 17902. Give u(-3).
-22
Let f(a) = -28*a - 1130. Give f(-40).
-10
Let p(j) = 9*j**2 - 279121*j - 279121. What is p(-1)?
9
Let z(x) = -31*x - 2817. Give z(-86).
-151
Let u(x) = x**3 - 36*x**2 - 68*x - 40. Calculate u(0).
-40
Let h(q) = q**3 - 206*q**2 - 1276*q - 18. Give h(-6).
6
Let q(j) = j**3 - 737*j**2 + 15723*j + 179. What is q(22)?
25
Let p(m) = -m**2 - 36670*m + 917426. Give p(25).
51
Let r(i) = 3398*i + 236972. Calculate r(-70).
-888
Let l(u) = u**2 + 654*u - 3945. Determine l(6).
15
Let s(k) = -k**3 - 167*k**2 + 701*k + 2939. Calculate s(-171).
32
Let c(y) = y**3 - 6*y**2 + 23559*y - 70641. What is c(3)?
9
Let y(p) = -p**3 + 44*p**2 - 183*p + 2376. Give y(41).
-84
Let q(n) = n**2 - 335*n + 9403. Give q(31).
-21
Let p(l) = -2*l**2 - 247*l - 3785. Determine p(-105).
100
Let r(a) = -a**2 - 1306*a - 185335. Calculate r(-162).
-7
Let q(v) = 5*v**2 - 1321*v - 36108. Determine q(-25).
42
Let h(s) = s**3 - 34*s**2 + 1301*s - 46986. Calculate h(35).
-226
Let g(t) = t**2 + 41954*t - 2100105. Determine g(50).
95
Let u(a) = -28010*a - 140040. Determine u(-5).
10
Let q(m) = -4*m**2 - 112*m + 1424. Determine q(16).
-1392
Let f(x) = x**2 - 6396*x - 10022804. Determine f(-1302).
-8
Let p(m) = 13*m**3 - 84*m**2 + 151*m - 257. Calculate p(5).
23
Let u(l) = l**2 + 262*l + 12650. Give u(-70).
-790
Let f(r) = -2563*r + 89740. Determine f(35).
35
Let c(f) = -1662*f + 52478. Calculate c(31).
956
Let j(